{"id":197,"date":"2021-11-28T19:14:41","date_gmt":"2021-11-28T18:14:41","guid":{"rendered":"https:\/\/terra-nova.earth\/verlag-meiga\/?post_type=product&#038;p=197"},"modified":"2022-05-04T22:37:34","modified_gmt":"2022-05-04T20:37:34","slug":"onlinekurs-heilige-matrix","status":"publish","type":"product","link":"https:\/\/terra-nova.earth\/verlag-meiga\/produkt\/onlinekurs-heilige-matrix\/","title":{"rendered":"Onlinekurs &#8211; Die heilige Matrix"},"content":{"rendered":"<h6><span style=\"color: #808080;\"><strong>Worum geht es in diesem Kurs?<\/strong><\/span><\/h6>\n<p><a href=\"https:\/\/www.tamera.org\/de\/sabine-lichtenfels\/\">Sabine Lichtenfels<\/a>, Mitgr\u00fcnderin von Tamera, Leiterin der spirituellen Forschung von Tamera und der \u201eGlobalen Liebesschule\u201c, l\u00e4dt ein zu einem Onlinekurs mit dem Titel: \u201eDie heilige Matrix \u2013 das kosmische Heilfeld denkend erfassen.\u201c<br \/>\nDer Kurs hat vier Module und beruht auf dem Buch \u201e<a href=\"https:\/\/de.verlag-meiga.org\/product\/die-heilige-matrix\/\">Die heilige Matrix<\/a>\u201c von Dr. Dieter Duhm. Er besteht aus intimen Lehreinheiten und Meditationen von Sabine Lichtenfels, aus \u00dcbungen, Interviews mit <a href=\"https:\/\/www.tamera.org\/de\/dieter-duhm\/\">Dieter Duhm<\/a> und weiteren Elementen.&nbsp;<\/p>\n<p><strong>Zum Inhalt:<\/strong><br \/>\nDie These des Kurses hei\u00dft: Es existiert ein globales Heilfeld, das \u00fcberall abrufbar ist. Wir nennen es die heilige Matrix. Die Erde ist heilbar, wenn an einigen Orten weltweit dieses Heilfeld abgerufen und manifestiert wird. Das geschieht unter anderem durch den Aufbau von Heilungsbiotopen. Heilungsbiotope sind Zukunftsgemeinschaften, die mit den Prinzipien der heiligen Matrix in Resonanz stehen. Sie beruhen auf Vertrauen und Kooperation zwischen allen Wesen.<br \/>\nWir wollen dich mit wissenschaftlichen und spirituellen Gedanken begleiten und zu einem Denkabenteuer und neuen Erfahrungsr\u00e4umen anregen. In diesem Kurs findest du Perspektiven, die dich und uns alle auf unserem Weg in dieser herausfordernden Zeit begleiten.<br \/>\nEs erwarten dich 23 Videos, zwei Podcasts, zahlreiche Texte, zwei Live-Webinare, ein Begleitheft und das Buch \u201eDie heilige Matrix\u201c von Dieter Duhm \u2013 beim Standardpreis die E-Book-Ausgabe, beim F\u00f6rderpreis die gedruckte Ausgabe direkt zu dir nach Hause.<\/p>\n<p><strong>F\u00fcr wen ist dieser Kurs?<\/strong><br \/>\nDer Kurs richtet sich an Aktivist*innen f\u00fcr eine freie Erde, Liebesforscher und allen, denen das das Schicksal aller Wesen zutiefst am Herzen liegt. An alle, die f\u00fcr ihr Leben und ihre Arbeit eine begr\u00fcndete Hoffnung brauchen. An alle, die mit uns kooperieren m\u00f6chten f\u00fcr den Aufbau von Terra Nova \u2013 einer universellen Friedenskultur.<\/p>\n<p><strong>Kursaufbau<\/strong><br \/>\nDer Kurs hat vier Module, er kann jederzeit gebucht, nach eigener Regie absolviert und wiederholt werden. Wir schlagen dir vor, f\u00fcr jedes Modul eine Woche zu investieren \u2013 oder du gestaltest es nach eigenen W\u00fcnschen und M\u00f6glichkeiten.&nbsp;Wir bieten zwei Live-Webinare an, zu denen du dich zuschalten kannst. Wir werden sie aufnehmen, so dass du sie nachh\u00f6ren kannst. Nach Bedarf werden wir mehrmals Webinare anbieten.&nbsp;<\/p>\n","protected":false},"excerpt":{"rendered":"<p>Worum geht es in diesem Kurs? Sabine Lichtenfels, Mitgr\u00fcnderin von Tamera, Leiterin der spirituellen Forschung von Tamera und der \u201eGlobalen Liebesschule\u201c, l\u00e4dt ein zu einem Onlinekurs mit dem Titel: \u201eDie heilige Matrix \u2013 das kosmische Heilfeld denkend erfassen.\u201c Der Kurs hat vier Module und beruht auf dem Buch \u201eDie heilige &hellip;<\/p>\n","protected":false},"featured_media":203,"template":"","meta":[],"product_cat":[18,38],"product_tag":[],"tn_author_cat":[42,43],"tn_prinfos_cat":[],"class_list":{"0":"post-197","1":"product","2":"type-product","3":"status-publish","4":"has-post-thumbnail","6":"product_cat-kurs-2","7":"product_cat-onlinekurse","8":"tn_author_cat-dieter-duhm","9":"tn_author_cat-sabine-lichtenfels","11":"first","12":"instock","13":"taxable","14":"shipping-taxable","15":"product-type-grouped"},"_links":{"self":[{"href":"https:\/\/terra-nova.earth\/verlag-meiga\/wp-json\/wp\/v2\/product\/197","targetHints":{"allow":["GET"]}}],"collection":[{"href":"https:\/\/terra-nova.earth\/verlag-meiga\/wp-json\/wp\/v2\/product"}],"about":[{"href":"https:\/\/terra-nova.earth\/verlag-meiga\/wp-json\/wp\/v2\/types\/product"}],"wp:featuredmedia":[{"embeddable":true,"href":"https:\/\/terra-nova.earth\/verlag-meiga\/wp-json\/wp\/v2\/media\/203"}],"wp:attachment":[{"href":"https:\/\/terra-nova.earth\/verlag-meiga\/wp-json\/wp\/v2\/media?parent=197"}],"wp:term":[{"taxonomy":"product_cat","embeddable":true,"href":"https:\/\/terra-nova.earth\/verlag-meiga\/wp-json\/wp\/v2\/product_cat?post=197"},{"taxonomy":"product_tag","embeddable":true,"href":"https:\/\/terra-nova.earth\/verlag-meiga\/wp-json\/wp\/v2\/product_tag?post=197"},{"taxonomy":"tn_author_cat","embeddable":true,"href":"https:\/\/terra-nova.earth\/verlag-meiga\/wp-json\/wp\/v2\/tn_author_cat?post=197"},{"taxonomy":"tn_prinfos_cat","embeddable":true,"href":"https:\/\/terra-nova.earth\/verlag-meiga\/wp-json\/wp\/v2\/tn_prinfos_cat?post=197"}],"curies":[{"name":"wp","href":"https:\/\/api.w.org\/{rel}","templated":true}]}}