{"id":544,"date":"2022-05-04T10:09:05","date_gmt":"2022-05-04T08:09:05","guid":{"rendered":"https:\/\/terra-nova.earth\/verlag-meiga\/?post_type=product&#038;p=544"},"modified":"2022-05-05T13:05:07","modified_gmt":"2022-05-05T11:05:07","slug":"defend-the-sacred","status":"publish","type":"product","link":"https:\/\/terra-nova.earth\/verlag-meiga\/produkt\/defend-the-sacred\/","title":{"rendered":"Defend the Sacred. Wenn das Leben siegt, wird es keine Verlierer geben."},"content":{"rendered":"<div class=\"et_pb_column et_pb_column_1_2 et_pb_column_4 et_pb_css_mix_blend_mode_passthrough\">\n<div class=\"et_pb_module et_pb_text et_pb_text_0 et_pb_text_align_left et_pb_bg_layout_light\">\n<div class=\"et_pb_text_inner\">\n<div class=\"et_pb_module et_pb_text et_pb_text_0 et_pb_text_align_left et_pb_bg_layout_light\">\n<div class=\"et_pb_text_inner\">\n<blockquote><p><em>Stell dir vor, die Weltenseele kommt zu dir und spricht: Wenn du das Elend der Welt einmal mit MEINEN Augen gesehen hast, wirst du nicht mehr warten. Du wirst losziehen, bis du die Antworten gefunden hast, die dich mit der Vollmacht des Handelns verbinden. <\/em><br \/>\nSabine Lichtenfels<\/p><\/blockquote>\n<p>Es sind nur noch wenige Sekunden vor zwo\u0308lf. Die Grundlagen unseres planetaren Lebenssystems sind in ho\u0308chstem Ma\u00dfe gefa\u0308hrdet: die Reinheit von Wasser und Luft, das Leben in den Meeren, das Gleichgewicht des Klimas, die Existenz der Wa\u0308lder, die Vielfalt von \u00d6kosystemen, und \u2013 Grundlage von allem \u2013 die Solidarita\u0308t und Liebe unter Menschen.<\/p>\n<p>In vorliegendem Buch kommen Frauen und Ma\u0308nner aus aller Welt zu Wort, die trotz allem nicht aufgeben. Sie errichten autonome Gemeinwesen, schaffen Lebensgrundlagen fu\u0308r ganze Regionen, k\u00e4mpfen gegen die Zerst\u00f6rung von W\u00e4ldern und den Bau von Staud\u00e4mmen, arbeiten fu\u0308r die Wiederherstellung natu\u0308rlicher Kreisla\u0308ufe, begru\u0308nen Wu\u0308sten und machen Bo\u0308den wieder fruchtbar. Sie verwandeln Slums in \u00f6kologische Nachbarschaften, verwirklichen neue Schulsysteme, weigern sich, in Feindbildern zu denken, entwickeln globale Friedensstrategien und arbeiten an sozialen Systemen f\u00fcr die Heilung der Liebe. Sie wissen: Nur mit vereinter Kraft k\u00f6nnen sie die Herausforderungen der Zeit meistern. Nur gemeinsam wird es gelingen, das Lebendige \u2013 das Heilige \u2013 weltweit zu verteidigen. Im Inneren, wie im \u00c4u\u00dferen. Defend the Sacred!<\/p>\n<p>Ihre Beitr\u00e4ge legen Zeugnis ab von einer Kraft, die im Herzen aller Menschen ruht. Diese Kraft in immer mehr Menschen wachzurufen und zu st\u00e4rken, ist ein Anliegen dieses Buches.<\/p>\n<\/div>\n<\/div>\n<div class=\"et_pb_module et_pb_text et_pb_text_1 et_pb_text_align_left et_pb_bg_layout_light\">\n<div class=\"et_pb_text_inner\">\n<div class=\"page\" title=\"Page 2\">\n<div class=\"layoutArea\">\n<div class=\"column\">\n<p>u.a. mit Beitra\u0308gen von:<\/p>\n<p>Ladonna Brave Bull Allard, USA<br \/>\nSami Awad, Pala\u0308stina<br \/>\nSaad Dagher, Pala\u0308stina<br \/>\nSalim Dara, Benin<br \/>\nCharles Eisenstein, USA<br \/>\nScilla Elworthy, GB<br \/>\nTiokasin Ghosthorse, USA<br \/>\nBrigida Gonzales, Kolumbien<br \/>\nDave Hakkens, Niederlande<br \/>\nHovan Ibrahim, Rojava\/Syrien<br \/>\nJoshua Konkankoh, Kamerun<br \/>\nSabine Lichtenfels, Deutschland<br \/>\nRabbi Michael Lerner, USA<br \/>\nClaudio Miranda, Brasilien<br \/>\nPhilip Munyasia, Kenia<br \/>\nClaudine Nierth, Deutschland<br \/>\nJohn Quigley, USA<br \/>\nAti Quigua, Kolumbien<br \/>\nRajendra Singh, Indien<br \/>\nHeini Staudinger, O\u0308sterreich<br \/>\nMonique Wilson, Philippinen<br \/>\nVlado Zaujec, Slowakei<\/p>\n<\/div>\n<\/div>\n<\/div>\n<\/div>\n<\/div>\n<\/div>\n<\/div>\n<\/div>\n","protected":false},"excerpt":{"rendered":"<div class=\"woocommerce-product-details__short-description\">\n<div class=\"woocommerce-product-details__short-description\">\n<div class=\"et_pb_woopro_excerpt et_pb_module et_pb_woopro_excerpt_0 et_pb_text_align_left\">\n<div class=\"woocommerce-product-details__short-description\">\n<div class=\"et_pb_woopro_excerpt et_pb_module et_pb_woopro_excerpt_0 et_pb_text_align_left\">\n<div class=\"woocommerce-product-details__short-description\">\n<p>In vorliegendem Buch kommen Frauen und Ma\u0308nner aus aller Welt zu Wort, die wissen: Nur mit vereinter Kraft k\u00f6nnen sie die Herausforderungen der Zeit meistern. Nur gemeinsam wird es gelingen, das Lebendige \u2013 das Heilige \u2013 weltweit zu verteidigen. Im Inneren, wie im \u00c4u\u00dferen. Defend the Sacred!<\/p>\n<p><em><strong>\u201cWir brauchen eine solche globale Allianz des Lebens, die aufho\u0308rt gegen die Dunkelheit zu ka\u0308mpfen und sich darauf konzentriert mehr Licht zu bringen.\u201d<\/strong><\/em><br \/>\n<strong>Claudine Nierth, Mehr Demokratie e.V. <\/strong><\/p>\n<p><strong><em>\u201cBeeindruckende Initiativen, ein ermutigender Gegenpol zu dem, was heute in Europa geschieht.\u201d<\/em><br \/>\nNoam Chomsky<\/strong><\/p>\n<\/div>\n<\/div>\n<\/div>\n<\/div>\n<\/div>\n<\/div>\n","protected":false},"featured_media":545,"template":"","meta":[],"product_cat":[37],"product_tag":[],"tn_author_cat":[],"tn_prinfos_cat":[58],"class_list":{"0":"post-544","1":"product","2":"type-product","3":"status-publish","4":"has-post-thumbnail","6":"product_cat-buecher-deutsch","7":"tn_prinfos_cat-mehr-infos-zum-buch-4","9":"first","10":"instock","11":"taxable","12":"shipping-taxable","13":"purchasable","14":"product-type-simple"},"_links":{"self":[{"href":"https:\/\/terra-nova.earth\/verlag-meiga\/wp-json\/wp\/v2\/product\/544","targetHints":{"allow":["GET"]}}],"collection":[{"href":"https:\/\/terra-nova.earth\/verlag-meiga\/wp-json\/wp\/v2\/product"}],"about":[{"href":"https:\/\/terra-nova.earth\/verlag-meiga\/wp-json\/wp\/v2\/types\/product"}],"wp:featuredmedia":[{"embeddable":true,"href":"https:\/\/terra-nova.earth\/verlag-meiga\/wp-json\/wp\/v2\/media\/545"}],"wp:attachment":[{"href":"https:\/\/terra-nova.earth\/verlag-meiga\/wp-json\/wp\/v2\/media?parent=544"}],"wp:term":[{"taxonomy":"product_cat","embeddable":true,"href":"https:\/\/terra-nova.earth\/verlag-meiga\/wp-json\/wp\/v2\/product_cat?post=544"},{"taxonomy":"product_tag","embeddable":true,"href":"https:\/\/terra-nova.earth\/verlag-meiga\/wp-json\/wp\/v2\/product_tag?post=544"},{"taxonomy":"tn_author_cat","embeddable":true,"href":"https:\/\/terra-nova.earth\/verlag-meiga\/wp-json\/wp\/v2\/tn_author_cat?post=544"},{"taxonomy":"tn_prinfos_cat","embeddable":true,"href":"https:\/\/terra-nova.earth\/verlag-meiga\/wp-json\/wp\/v2\/tn_prinfos_cat?post=544"}],"curies":[{"name":"wp","href":"https:\/\/api.w.org\/{rel}","templated":true}]}}

<div class="et_pb_column et_pb_column_1_2 et_pb_column_4 et_pb_css_mix_blend_mode_passthrough">
<div class="et_pb_module et_pb_text et_pb_text_0 et_pb_text_align_left et_pb_bg_layout_light">
<div class="et_pb_text_inner">
<div class="et_pb_module et_pb_text et_pb_text_0 et_pb_text_align_left et_pb_bg_layout_light">
<div class="et_pb_text_inner">
<blockquote><p><em>Stell dir vor, die Weltenseele kommt zu dir und spricht: Wenn du das Elend der Welt einmal mit MEINEN Augen gesehen hast, wirst du nicht mehr warten. Du wirst losziehen, bis du die Antworten gefunden hast, die dich mit der Vollmacht des Handelns verbinden. </em><br />
Sabine Lichtenfels</p></blockquote>
<p>Es sind nur noch wenige Sekunden vor zwölf. Die Grundlagen unseres planetaren Lebenssystems sind in höchstem Maße gefährdet: die Reinheit von Wasser und Luft, das Leben in den Meeren, das Gleichgewicht des Klimas, die Existenz der Wälder, die Vielfalt von Ökosystemen, und – Grundlage von allem – die Solidarität und Liebe unter Menschen.</p>
<p>In vorliegendem Buch kommen Frauen und Männer aus aller Welt zu Wort, die trotz allem nicht aufgeben. Sie errichten autonome Gemeinwesen, schaffen Lebensgrundlagen für ganze Regionen, kämpfen gegen die Zerstörung von Wäldern und den Bau von Staudämmen, arbeiten für die Wiederherstellung natürlicher Kreisläufe, begrünen Wüsten und machen Böden wieder fruchtbar. Sie verwandeln Slums in ökologische Nachbarschaften, verwirklichen neue Schulsysteme, weigern sich, in Feindbildern zu denken, entwickeln globale Friedensstrategien und arbeiten an sozialen Systemen für die Heilung der Liebe. Sie wissen: Nur mit vereinter Kraft können sie die Herausforderungen der Zeit meistern. Nur gemeinsam wird es gelingen, das Lebendige – das Heilige – weltweit zu verteidigen. Im Inneren, wie im Äußeren. Defend the Sacred!</p>
<p>Ihre Beiträge legen Zeugnis ab von einer Kraft, die im Herzen aller Menschen ruht. Diese Kraft in immer mehr Menschen wachzurufen und zu stärken, ist ein Anliegen dieses Buches.</p>
</div>
</div>
<div class="et_pb_module et_pb_text et_pb_text_1 et_pb_text_align_left et_pb_bg_layout_light">
<div class="et_pb_text_inner">
<div class="page" title="Page 2">
<div class="layoutArea">
<div class="column">
<p>u.a. mit Beiträgen von:</p>
<p>Ladonna Brave Bull Allard, USA<br />
Sami Awad, Palästina<br />
Saad Dagher, Palästina<br />
Salim Dara, Benin<br />
Charles Eisenstein, USA<br />
Scilla Elworthy, GB<br />
Tiokasin Ghosthorse, USA<br />
Brigida Gonzales, Kolumbien<br />
Dave Hakkens, Niederlande<br />
Hovan Ibrahim, Rojava/Syrien<br />
Joshua Konkankoh, Kamerun<br />
Sabine Lichtenfels, Deutschland<br />
Rabbi Michael Lerner, USA<br />
Claudio Miranda, Brasilien<br />
Philip Munyasia, Kenia<br />
Claudine Nierth, Deutschland<br />
John Quigley, USA<br />
Ati Quigua, Kolumbien<br />
Rajendra Singh, Indien<br />
Heini Staudinger, Österreich<br />
Monique Wilson, Philippinen<br />
Vlado Zaujec, Slowakei</p>
</div>
</div>
</div>
</div>
</div>
</div>
</div>
</div>

<div class="woocommerce-product-details__short-description">
<div class="woocommerce-product-details__short-description">
<div class="et_pb_woopro_excerpt et_pb_module et_pb_woopro_excerpt_0 et_pb_text_align_left">
<div class="woocommerce-product-details__short-description">
<div class="et_pb_woopro_excerpt et_pb_module et_pb_woopro_excerpt_0 et_pb_text_align_left">
<div class="woocommerce-product-details__short-description">
<p>In vorliegendem Buch kommen Frauen und Männer aus aller Welt zu Wort, die wissen: Nur mit vereinter Kraft können sie die Herausforderungen der Zeit meistern. Nur gemeinsam wird es gelingen, das Lebendige – das Heilige – weltweit zu verteidigen. Im Inneren, wie im Äußeren. Defend the Sacred!</p>
<p><em><strong>“Wir brauchen eine solche globale Allianz des Lebens, die aufhört gegen die Dunkelheit zu kämpfen und sich darauf konzentriert mehr Licht zu bringen.”</strong></em><br />
<strong>Claudine Nierth, Mehr Demokratie e.V. </strong></p>
<p><strong><em>“Beeindruckende Initiativen, ein ermutigender Gegenpol zu dem, was heute in Europa geschieht.”</em><br />
Noam Chomsky</strong></p>
</div>
</div>
</div>
</div>
</div>
</div>
