{"id":643,"date":"2022-05-04T14:36:05","date_gmt":"2022-05-04T12:36:05","guid":{"rendered":"https:\/\/terra-nova.earth\/verlag-meiga\/?post_type=product&#038;p=643"},"modified":"2022-05-11T16:05:00","modified_gmt":"2022-05-11T14:05:00","slug":"weiche-macht","status":"publish","type":"product","link":"https:\/\/terra-nova.earth\/verlag-meiga\/produkt\/weiche-macht\/","title":{"rendered":"Weiche Macht"},"content":{"rendered":"<div class=\"et_pb_column et_pb_column_1_2 et_pb_column_4 et_pb_css_mix_blend_mode_passthrough\">\n<div class=\"et_pb_module et_pb_text et_pb_text_0 et_pb_text_align_left et_pb_bg_layout_light\">\n<div class=\"et_pb_text_inner\">\n<div class=\"et_pb_column et_pb_column_1_2 et_pb_column_4 et_pb_css_mix_blend_mode_passthrough\">\n<div class=\"et_pb_module et_pb_text et_pb_text_0 et_pb_text_align_left et_pb_bg_layout_light\">\n<div class=\"et_pb_text_inner\">\n<div class=\"et_pb_column et_pb_column_1_2 et_pb_column_4 et_pb_css_mix_blend_mode_passthrough\">\n<div class=\"et_pb_column et_pb_column_1_2 et_pb_column_4 et_pb_css_mix_blend_mode_passthrough\">\n<div class=\"et_pb_module et_pb_text et_pb_text_0 et_pb_text_align_left et_pb_bg_layout_light\">\n<div class=\"et_pb_text_inner\">\n<div class=\"et_pb_column et_pb_column_1_2 et_pb_column_4 et_pb_css_mix_blend_mode_passthrough\">\n<div class=\"et_pb_module et_pb_text et_pb_text_0 et_pb_text_align_left et_pb_bg_layout_light\">\n<div class=\"et_pb_text_inner\">\n<div class=\"et_pb_column et_pb_column_1_2 et_pb_column_4 et_pb_css_mix_blend_mode_passthrough\">\n<div class=\"et_pb_module et_pb_text et_pb_text_0 et_pb_text_align_left et_pb_bg_layout_light\">\n<div class=\"et_pb_text_inner\">\n<blockquote><p><em>\u201cEine neue Frauenmacht ist nicht gegen den Mann gerichtet und nicht gegen unsere Liebe zu den M\u00e4nnern, sie&nbsp;verl\u00e4sst&nbsp;aber&nbsp;entschlossen&nbsp;diejenigen m\u00e4nnlichen Strukturen, die zu der weltweiten Vernichtung des Lebens und der Liebe beigetragen haben. Unsere neue Liebe zu den M\u00e4nnern besteht in erster Linie darin,&nbsp;dass&nbsp;wir&nbsp;entschlossen&nbsp;den Weg unserer weiblichen St\u00e4rke gehen. Lange genug haben wir versucht, die M\u00e4nner nachzuahmen, und uns dabei zu emanzipierten Marionetten der m\u00e4nnlichen Kultur degradiert. Die neue Liebe kann da beginnen, wo wir diesen Wahnsinn durchschauen. Wir k\u00f6nnen den M\u00e4nnern nicht partnerschaftlich begegnen, indem wir sie nachahmen, sondern nur dadurch, da\u00df wir unsere eigenen Quellen und Kr\u00e4fte wiederfinden.\u201d<br \/>\n<\/em><\/p><\/blockquote>\n<p>Die Autorin beschreibt in diesem Buch anhand ihrer eigenen Biographie Stationen eines Frauenlebens: Ehe, Scheidung, alleinerziehende Mutter und schlie\u00dflich der Aufbruch in eine neue Art des Frauseins. Sie entdeckt eine weibliche Quelle und entwickelt daraus die Vision einer friedlichen Kultur, die auf der Balance zwischen weiblichen und m\u00e4nnlichen Kr\u00e4ften beruht.<br \/>\nIhr Buch endet mit 24 Thesen f\u00fcr eine neue Frauenbewegung.<\/p>\n<\/div>\n<\/div>\n<\/div>\n<\/div>\n<\/div>\n<\/div>\n<\/div>\n<\/div>\n<\/div>\n<\/div>\n<\/div>\n<\/div>\n<\/div>\n<\/div>\n<\/div>\n<\/div>\n","protected":false},"excerpt":{"rendered":"<div class=\"woocommerce-product-details__short-description\">\n<div class=\"woocommerce-product-details__short-description\">\n<div class=\"et_pb_woopro_excerpt et_pb_module et_pb_woopro_excerpt_0 et_pb_text_align_left\">\n<div class=\"woocommerce-product-details__short-description\">\n<div class=\"et_pb_woopro_excerpt et_pb_module et_pb_woopro_excerpt_0 et_pb_text_align_left\">\n<div class=\"woocommerce-product-details__short-description\">\n<div class=\"et_pb_woopro_excerpt et_pb_module et_pb_woopro_excerpt_0 et_pb_text_align_left\">\n<div class=\"woocommerce-product-details__short-description\">\n<div class=\"et_pb_woopro_excerpt et_pb_module et_pb_woopro_excerpt_0 et_pb_text_align_left\">\n<div class=\"woocommerce-product-details__short-description\">\n<div class=\"et_pb_woopro_excerpt et_pb_module et_pb_woopro_excerpt_0 et_pb_text_align_left\">\n<div class=\"woocommerce-product-details__short-description\">\n<div class=\"et_pb_woopro_excerpt et_pb_module et_pb_woopro_excerpt_0 et_pb_text_align_left\">\n<div class=\"woocommerce-product-details__short-description\">\n<div class=\"et_pb_woopro_excerpt et_pb_module et_pb_woopro_excerpt_0 et_pb_text_align_left\">\n<div class=\"woocommerce-product-details__short-description\">\n<div class=\"et_pb_woopro_excerpt et_pb_module et_pb_woopro_excerpt_0 et_pb_text_align_left\">\n<div class=\"woocommerce-product-details__short-description\">\n<div class=\"et_pb_woopro_excerpt et_pb_module et_pb_woopro_excerpt_0 et_pb_text_align_left\">\n<div class=\"woocommerce-product-details__short-description\">\n<div class=\"et_pb_woopro_excerpt et_pb_module et_pb_woopro_excerpt_0 et_pb_text_align_left\">\n<div class=\"woocommerce-product-details__short-description\">\n<h4>von Sabine Lichtenfels<\/h4>\n<p>Die Autorin zeichnet in diesem Buch einen spannenden Entwicklungsweg f\u00fcr Frauen jenseits aller alten Rollenmuster. Sie verbindet dazu die Suche vieler Frauen nach einer weiblichen Identit\u00e4t mit der Vision einer Kultur, in der Frauen eine f\u00fchrende politische und soziale Position einnehmen. Die von ihr skizzierte Frauenbewegung \u00fcberwindet die patriarchalen Strukturen von innen her, durch Solidarit\u00e4t, durch die Bejahung des Eros und durch eine unbeirrbare Frauenfreundschaft, auch dann, wenn zwei Frauen denselben Mann begehren und lieben. Das Buch zeigt die Kraftquellen auf f\u00fcr den \u00dcbergang vom herk\u00f6mmlichen Frauenbild in ein freies und erf\u00fclltes Frauenleben.<\/p>\n<\/div>\n<\/div>\n<\/div>\n<\/div>\n<\/div>\n<\/div>\n<\/div>\n<\/div>\n<\/div>\n<\/div>\n<\/div>\n<\/div>\n<\/div>\n<\/div>\n<\/div>\n<\/div>\n<\/div>\n<\/div>\n<\/div>\n<\/div>\n<\/div>\n<\/div>\n","protected":false},"featured_media":644,"template":"","meta":[],"product_cat":[37],"product_tag":[],"tn_author_cat":[43],"tn_prinfos_cat":[81],"class_list":{"0":"post-643","1":"product","2":"type-product","3":"status-publish","4":"has-post-thumbnail","6":"product_cat-buecher-deutsch","7":"tn_author_cat-sabine-lichtenfels","8":"tn_prinfos_cat-weiche-macht","10":"first","11":"instock","12":"taxable","13":"shipping-taxable","14":"purchasable","15":"product-type-simple"},"_links":{"self":[{"href":"https:\/\/terra-nova.earth\/verlag-meiga\/wp-json\/wp\/v2\/product\/643","targetHints":{"allow":["GET"]}}],"collection":[{"href":"https:\/\/terra-nova.earth\/verlag-meiga\/wp-json\/wp\/v2\/product"}],"about":[{"href":"https:\/\/terra-nova.earth\/verlag-meiga\/wp-json\/wp\/v2\/types\/product"}],"wp:featuredmedia":[{"embeddable":true,"href":"https:\/\/terra-nova.earth\/verlag-meiga\/wp-json\/wp\/v2\/media\/644"}],"wp:attachment":[{"href":"https:\/\/terra-nova.earth\/verlag-meiga\/wp-json\/wp\/v2\/media?parent=643"}],"wp:term":[{"taxonomy":"product_cat","embeddable":true,"href":"https:\/\/terra-nova.earth\/verlag-meiga\/wp-json\/wp\/v2\/product_cat?post=643"},{"taxonomy":"product_tag","embeddable":true,"href":"https:\/\/terra-nova.earth\/verlag-meiga\/wp-json\/wp\/v2\/product_tag?post=643"},{"taxonomy":"tn_author_cat","embeddable":true,"href":"https:\/\/terra-nova.earth\/verlag-meiga\/wp-json\/wp\/v2\/tn_author_cat?post=643"},{"taxonomy":"tn_prinfos_cat","embeddable":true,"href":"https:\/\/terra-nova.earth\/verlag-meiga\/wp-json\/wp\/v2\/tn_prinfos_cat?post=643"}],"curies":[{"name":"wp","href":"https:\/\/api.w.org\/{rel}","templated":true}]}}